{"id":4639,"date":"2023-02-03T22:24:25","date_gmt":"2023-02-03T21:24:25","guid":{"rendered":"https:\/\/tritonsclub.com\/?page_id=4639"},"modified":"2026-03-20T14:05:26","modified_gmt":"2026-03-20T13:05:26","slug":"pre-inscription-pour-un-bapteme-de-plongee","status":"publish","type":"page","link":"https:\/\/tritonsclub.fr\/?page_id=4639","title":{"rendered":"Inscription pour un Bapt\u00eame de plong\u00e9e"},"content":{"rendered":"\n<p class=\"has-text-align-center has-black-color has-text-color has-link-color has-large-font-size wp-elements-486c5b4e3aff8e4274156c6decd7c8f7\"><strong>Inscription pour un Bapt\u00eame de plong\u00e9e<\/strong><\/p>\n\n\n\n<div class=\"wp-block-columns has-very-light-gray-to-cyan-bluish-gray-gradient-background has-background is-layout-flex wp-container-core-columns-is-layout-9d6595d7 wp-block-columns-is-layout-flex\">\n<div class=\"wp-block-column is-layout-flow wp-block-column-is-layout-flow\">\n<p class=\"has-text-align-center has-medium-font-size\">Pour vous inscrire \u00e0 un bapt\u00eame de plong\u00e9e, rien de plus simple, remplissez enti\u00e8rement le formulaire ci-dessous et effectuez votre r\u00e9glement via le bouton de paiement HelloAsso situ\u00e9 en bas de cette page.<br>Un responsable du club reprendra contact avec vous au plus vite pour vous confirmer la date et heure du bapt\u00eame au centre aquatique de Saint Jean de la Ruelle<\/p>\n<\/div>\n<\/div>\n\n\n\n<hr class=\"wp-block-separator has-alpha-channel-opacity is-style-wide\"\/>\n\n\n<div class=\"everest-forms\"><div class=\"evf-container default\" id=\"evf-4638\"><form id=\"evf-form-4638\" class=\"everest-form\" data-formid=\"4638\" data-ajax_submission=\"0\" data-keyboard_friendly_form=\"0\" data-form_state_type=\"\" method=\"post\" enctype=\"multipart\/form-data\" action=\"\/index.php?rest_route=%2Fwp%2Fv2%2Fpages%2F4639\"><div class=\"evf-field-container\"><input type=\"hidden\" id=\"_wpnonce4638\" name=\"_wpnonce4638\" value=\"6ba8a685ed\" \/><input type=\"hidden\" name=\"_wp_http_referer\" value=\"\/index.php?rest_route=%2Fwp%2Fv2%2Fpages%2F4639\" \/><div class=\"evf-frontend-row\" data-row=\"row_1\" conditional_rules=\"[]\"><div class=\"evf-frontend-grid evf-grid-2\" data-grid=\"grid_1\"><div id=\"evf-4638-field_YY9mDMrCN6-10-container\" class=\"evf-field evf-field-first-name form-row validate-required\" data-required-field-message=\"Ce champ est n\u00e9cessaire.\" data-field-id=\"YY9mDMrCN6-10\"><label class=\"evf-field-label\" for=\"evf-4638-field_YY9mDMrCN6-10\"><span class=\"evf-label\">Pr\u00e9nom<\/span> <abbr class=\"required\" title=\"N\u00e9cessaire\">*<\/abbr><\/label><input type=\"text\" id=\"evf-4638-field_YY9mDMrCN6-10\" class=\"input-text\" name=\"everest_forms[form_fields][YY9mDMrCN6-10]\" placeholder=\"Pr\u00e9nom du plongeur qui souhaite un bapt\u00eame\" required><\/div><div id=\"evf-4638-field_5s3LB06Uer-11-container\" class=\"evf-field evf-field-last-name form-row validate-required\" data-required-field-message=\"Ce champ est n\u00e9cessaire.\" data-field-id=\"5s3LB06Uer-11\"><label class=\"evf-field-label\" for=\"evf-4638-field_5s3LB06Uer-11\"><span class=\"evf-label\">Nom<\/span> <abbr class=\"required\" title=\"N\u00e9cessaire\">*<\/abbr><\/label><input type=\"text\" id=\"evf-4638-field_5s3LB06Uer-11\" class=\"input-text\" name=\"everest_forms[form_fields][5s3LB06Uer-11]\" placeholder=\"Nom du plongeur qui souhaite un bapt\u00eame\" required><\/div><div id=\"evf-4638-field_nzZYepLXjX-16-container\" class=\"evf-field evf-field-radio form-row validate-required\" data-required-field-message=\"Ce champ est n\u00e9cessaire.\" data-field-id=\"nzZYepLXjX-16\"><label class=\"evf-field-label\" for=\"evf-4638-field_nzZYepLXjX-16\"><span class=\"evf-label\">Age<\/span> <abbr class=\"required\" title=\"N\u00e9cessaire\">*<\/abbr><\/label><ul id=\"evf-4638-field_nzZYepLXjX-16\" class=\" evf-field-required\"><li class=\"choice-1 depth-1 everest-forms-selected\"><input type=\"radio\" id=\"evf-4638-field_nzZYepLXjX-16_1\" class=\"input-text\" name=\"everest_forms[form_fields][nzZYepLXjX-16]\" value=\"Adulte\" required  checked='checked'><label class=\"everest-forms-field-label-inline\" for=\"evf-4638-field_nzZYepLXjX-16_1\">Adulte<\/label><\/li><li class=\"choice-2 depth-1\"><input type=\"radio\" id=\"evf-4638-field_nzZYepLXjX-16_2\" class=\"input-text\" name=\"everest_forms[form_fields][nzZYepLXjX-16]\" value=\"Enfant\" required ><label class=\"everest-forms-field-label-inline\" for=\"evf-4638-field_nzZYepLXjX-16_2\">Enfant<\/label><\/li><\/ul><\/div><div id=\"evf-4638-field_Beb3t1hw8F-1-container\" class=\"evf-field evf-field-email form-row validate-required validate-email\" data-required-field-message=\"Veuillez entrer une adresse e-mail valide.\" data-field-id=\"Beb3t1hw8F-1\"><label class=\"evf-field-label\" for=\"evf-4638-field_Beb3t1hw8F-1\"><span class=\"evf-label\">E-mail pour confirmation de la date<\/span> <abbr class=\"required\" title=\"N\u00e9cessaire\">*<\/abbr><\/label><input type=\"email\" id=\"evf-4638-field_Beb3t1hw8F-1\" class=\"input-text\" name=\"everest_forms[form_fields][Beb3t1hw8F-1]\" required ><\/div><div id=\"evf-4638-field_7gqMSHxX0Q-3-container\" class=\"evf-field evf-field-text form-row validate-required\" data-required-field-message=\"Ce champ est n\u00e9cessaire.\" data-field-id=\"7gqMSHxX0Q-3\"><label class=\"evf-field-label\" for=\"evf-4638-field_7gqMSHxX0Q-3\"><span class=\"evf-label\">T\u00e9l\u00e9phone Mobile pour confirmation de la date<\/span> <abbr class=\"required\" title=\"N\u00e9cessaire\">*<\/abbr><\/label><input type=\"text\" id=\"evf-4638-field_7gqMSHxX0Q-3\" class=\"input-text\" name=\"everest_forms[form_fields][7gqMSHxX0Q-3]\" required><\/div><div id=\"evf-4638-field_AIYCe0mRmQ-14-container\" class=\"evf-field evf-field-text form-row\" data-field-id=\"AIYCe0mRmQ-14\"><label class=\"evf-field-label\" for=\"evf-4638-field_AIYCe0mRmQ-14\"><span class=\"evf-label\">Nom de l'encadrant Triton's Club avec qui vous souhaitez faire le bapt\u00eame (Si pas de souhait particulier, laissez le champ vide)<\/span> <\/label><input type=\"text\" id=\"evf-4638-field_AIYCe0mRmQ-14\" class=\"input-text\" name=\"everest_forms[form_fields][AIYCe0mRmQ-14]\" ><\/div><div id=\"evf-4638-field_A0aVW7eLZI-12-container\" class=\"evf-field evf-field-date-time form-row validate-required\" data-required-field-message=\"Ce champ est n\u00e9cessaire.\" data-field-id=\"A0aVW7eLZI-12\"><label class=\"evf-field-label\" for=\"evf-4638-field_A0aVW7eLZI-12\"><span class=\"evf-label\">Premi\u00e8re date souhait\u00e9e: Choisir un Lundi ou Mardi 20H-21H ou Jeudi 19H-20H (+15 jours par rapport \u00e0 la date du jour pour permettre l'organisation)<\/span> <abbr class=\"required\" title=\"N\u00e9cessaire\">*<\/abbr><\/label><input type=\"text\" id=\"evf-4638-field_A0aVW7eLZI-12\" class=\"flatpickr-field input-text\" name=\"everest_forms[form_fields][A0aVW7eLZI-12]\" data-time-interval=\"15\" data-disable-dates=\"01\/07\/2023, 02\/07\/2023, 03\/07\/2023, 04\/07\/2023, 05\/07\/2023, 06\/07\/2023, 07\/07\/2023, 08\/07\/2023, 09\/07\/2023, 10\/07\/2023, 11\/07\/2023, 12\/07\/2023, 13\/07\/2023, 14\/07\/2023, 15\/07\/2023, 16\/07\/2023, 17\/07\/2023, 18\/07\/2023, 19\/07\/2023, 20\/07\/2023, 21\/07\/2023, 22\/07\/2023, 23\/07\/2023, 24\/07\/2023, 25\/07\/2023, 26\/07\/2023, 27\/07\/2023, 28\/07\/2023, 29\/07\/2023, 30\/07\/2023, 31\/07\/2023, 01\/08\/2023, 02\/08\/2023, 03\/08\/2023, 04\/08\/2023, 05\/08\/2023, 06\/08\/2023, 07\/08\/2023, 08\/08\/2023, 09\/08\/2023, 10\/08\/2023, 11\/08\/2023, 12\/08\/2023, 19\/08\/2023, 18\/08\/2023, 17\/08\/2023, 16\/08\/2023, 15\/08\/2023, 14\/08\/2023, 13\/08\/2023, 20\/08\/2023, 21\/08\/2023, 22\/08\/2023, 23\/08\/2023, 24\/08\/2023, 25\/08\/2023, 26\/08\/2023, 31\/08\/2023, 30\/08\/2023, 29\/08\/2023, 28\/08\/2023, 27\/08\/2023\" data-date-time=\"date\" data-mode=\"single\" data-locale=\"en\" data-date-format=\"d\/m\/Y\" required ><\/div><div id=\"evf-4638-field_NOlutQ92iI-13-container\" class=\"evf-field evf-field-date-time form-row validate-required\" data-required-field-message=\"Ce champ est n\u00e9cessaire.\" data-field-id=\"NOlutQ92iI-13\"><label class=\"evf-field-label\" for=\"evf-4638-field_NOlutQ92iI-13\"><span class=\"evf-label\">Deuxi\u00e8me date souhait\u00e9e: Choisir un Lundi ou Mardi 20H-21H ou Jeudi 19H-20H (+15 jours par rapport \u00e0 la date du jour pour permettre l'organisation)<\/span> <abbr class=\"required\" title=\"N\u00e9cessaire\">*<\/abbr><\/label><input type=\"text\" id=\"evf-4638-field_NOlutQ92iI-13\" class=\"flatpickr-field input-text\" name=\"everest_forms[form_fields][NOlutQ92iI-13]\" data-time-interval=\"15\" data-disable-dates=\"01\/07\/2023, 02\/07\/2023, 03\/07\/2023, 04\/07\/2023, 05\/07\/2023, 06\/07\/2023, 07\/07\/2023, 08\/07\/2023, 09\/07\/2023, 10\/07\/2023, 11\/07\/2023, 12\/07\/2023, 13\/07\/2023, 14\/07\/2023, 15\/07\/2023, 16\/07\/2023, 17\/07\/2023, 18\/07\/2023, 19\/07\/2023, 20\/07\/2023, 21\/07\/2023, 22\/07\/2023, 23\/07\/2023, 24\/07\/2023, 25\/07\/2023, 26\/07\/2023, 27\/07\/2023, 28\/07\/2023, 29\/07\/2023, 30\/07\/2023, 31\/07\/2023, 01\/08\/2023, 02\/08\/2023, 03\/08\/2023, 04\/08\/2023, 05\/08\/2023, 06\/08\/2023, 07\/08\/2023, 08\/08\/2023, 09\/08\/2023, 10\/08\/2023, 11\/08\/2023, 12\/08\/2023, 13\/08\/2023, 14\/08\/2023, 15\/08\/2023, 16\/08\/2023, 17\/08\/2023, 18\/08\/2023, 19\/08\/2023, 20\/08\/2023, 21\/08\/2023, 22\/08\/2023, 23\/08\/2023, 24\/08\/2023, 25\/08\/2023, 26\/08\/2023, 27\/08\/2023, 28\/08\/2023, 29\/08\/2023, 30\/08\/2023, 31\/08\/2023\" data-date-time=\"date\" data-mode=\"single\" data-locale=\"en\" data-date-format=\"d\/m\/Y\" required ><\/div><\/div><div class=\"evf-frontend-grid evf-grid-2\" data-grid=\"grid_2\"><\/div><\/div><\/div><div class=\"evf-honeypot-container evf-field-hp\"><label for=\"evf-4638-field-hp\" class=\"evf-field-label\">Message<\/label><input type=\"text\" name=\"everest_forms[hp]\" id=\"evf-4638-field-hp\" class=\"input-text\"><\/div><div class=\"evf-submit-container \" ><input type=\"hidden\" name=\"everest_forms[id]\" value=\"4638\"><input type=\"hidden\" name=\"everest_forms[author]\" value=\"1\"><button type='submit' name='everest_forms[submit]' class='everest-forms-submit-button button evf-submit ' id='evf-submit-4638' value='evf-submit' data-process-text=\"En traitement\u2026\" conditional_rules='&quot;&quot;' conditional_id='evf-submit-4638'  id=\"evf-submit-4638\" aria-live=\"assertive\">Valider<\/button><\/div><\/form><\/div><!-- .evf-container --><\/div>\n\n\n\n<div style=\"text-align:center;\">\n<iframe id=\"haWidget\" allowtransparency=\"true\" src=\"https:\/\/www.helloasso.com\/associations\/tritons-club\/boutiques\/bapteme-de-plongee\/widget-vignette\" style=\"width:350px;border:none;\" onload=\"window.addEventListener( 'message', function(e) { const dataHeight = e.data.height; const haWidgetElement = document.getElementById('haWidget'); haWidgetElement.height = dataHeight + 'px'; } )\"><\/iframe>\n<\/div>\n","protected":false},"excerpt":{"rendered":"<p>Inscription pour un Bapt\u00eame de plong\u00e9e Pour vous inscrire \u00e0 un bapt\u00eame de plong\u00e9e, rien de plus simple, remplissez enti\u00e8rement le formulaire ci-dessous et effectuez votre r\u00e9glement via le bouton de paiement HelloAsso situ\u00e9 en bas de cette page.Un responsable du club reprendra contact avec vous au plus vite pour vous confirmer la date et [&hellip;]<\/p>\n","protected":false},"author":1,"featured_media":0,"parent":0,"menu_order":0,"comment_status":"closed","ping_status":"closed","template":"","meta":{"ocean_post_layout":"","ocean_both_sidebars_style":"","ocean_both_sidebars_content_width":0,"ocean_both_sidebars_sidebars_width":0,"ocean_sidebar":"0","ocean_second_sidebar":"0","ocean_disable_margins":"enable","ocean_add_body_class":"","ocean_shortcode_before_top_bar":"","ocean_shortcode_after_top_bar":"","ocean_shortcode_before_header":"","ocean_shortcode_after_header":"","ocean_has_shortcode":"","ocean_shortcode_after_title":"","ocean_shortcode_before_footer_widgets":"","ocean_shortcode_after_footer_widgets":"","ocean_shortcode_before_footer_bottom":"","ocean_shortcode_after_footer_bottom":"","ocean_display_top_bar":"default","ocean_display_header":"default","ocean_header_style":"","ocean_center_header_left_menu":"0","ocean_custom_header_template":"0","ocean_custom_logo":0,"ocean_custom_retina_logo":0,"ocean_custom_logo_max_width":0,"ocean_custom_logo_tablet_max_width":0,"ocean_custom_logo_mobile_max_width":0,"ocean_custom_logo_max_height":0,"ocean_custom_logo_tablet_max_height":0,"ocean_custom_logo_mobile_max_height":0,"ocean_header_custom_menu":"0","ocean_menu_typo_font_family":"0","ocean_menu_typo_font_subset":"","ocean_menu_typo_font_size":0,"ocean_menu_typo_font_size_tablet":0,"ocean_menu_typo_font_size_mobile":0,"ocean_menu_typo_font_size_unit":"px","ocean_menu_typo_font_weight":"","ocean_menu_typo_font_weight_tablet":"","ocean_menu_typo_font_weight_mobile":"","ocean_menu_typo_transform":"","ocean_menu_typo_transform_tablet":"","ocean_menu_typo_transform_mobile":"","ocean_menu_typo_line_height":0,"ocean_menu_typo_line_height_tablet":0,"ocean_menu_typo_line_height_mobile":0,"ocean_menu_typo_line_height_unit":"","ocean_menu_typo_spacing":0,"ocean_menu_typo_spacing_tablet":0,"ocean_menu_typo_spacing_mobile":0,"ocean_menu_typo_spacing_unit":"","ocean_menu_link_color":"","ocean_menu_link_color_hover":"","ocean_menu_link_color_active":"","ocean_menu_link_background":"","ocean_menu_link_hover_background":"","ocean_menu_link_active_background":"","ocean_menu_social_links_bg":"","ocean_menu_social_hover_links_bg":"","ocean_menu_social_links_color":"","ocean_menu_social_hover_links_color":"","ocean_disable_title":"default","ocean_disable_heading":"default","ocean_post_title":"","ocean_post_subheading":"","ocean_post_title_style":"","ocean_post_title_background_color":"","ocean_post_title_background":0,"ocean_post_title_bg_image_position":"","ocean_post_title_bg_image_attachment":"","ocean_post_title_bg_image_repeat":"","ocean_post_title_bg_image_size":"","ocean_post_title_height":0,"ocean_post_title_bg_overlay":0.5,"ocean_post_title_bg_overlay_color":"","ocean_disable_breadcrumbs":"default","ocean_breadcrumbs_color":"","ocean_breadcrumbs_separator_color":"","ocean_breadcrumbs_links_color":"","ocean_breadcrumbs_links_hover_color":"","ocean_display_footer_widgets":"default","ocean_display_footer_bottom":"default","ocean_custom_footer_template":"0","footnotes":""},"class_list":["post-4639","page","type-page","status-publish","hentry","entry"],"rttpg_featured_image_url":null,"rttpg_author":{"display_name":"tritonsclub","author_link":"https:\/\/tritonsclub.fr\/author\/tritonsclub"},"rttpg_comment":0,"rttpg_category":null,"rttpg_excerpt":"Inscription pour un Bapt\u00eame de plong\u00e9e Pour vous inscrire \u00e0 un bapt\u00eame de plong\u00e9e, rien de plus simple, remplissez enti\u00e8rement le formulaire ci-dessous et effectuez votre r\u00e9glement via le bouton de paiement HelloAsso situ\u00e9 en bas de cette page.Un responsable du club reprendra contact avec vous au plus vite pour vous confirmer la date et\u2026","_links":{"self":[{"href":"https:\/\/tritonsclub.fr\/index.php?rest_route=\/wp\/v2\/pages\/4639","targetHints":{"allow":["GET"]}}],"collection":[{"href":"https:\/\/tritonsclub.fr\/index.php?rest_route=\/wp\/v2\/pages"}],"about":[{"href":"https:\/\/tritonsclub.fr\/index.php?rest_route=\/wp\/v2\/types\/page"}],"author":[{"embeddable":true,"href":"https:\/\/tritonsclub.fr\/index.php?rest_route=\/wp\/v2\/users\/1"}],"replies":[{"embeddable":true,"href":"https:\/\/tritonsclub.fr\/index.php?rest_route=%2Fwp%2Fv2%2Fcomments&post=4639"}],"version-history":[{"count":24,"href":"https:\/\/tritonsclub.fr\/index.php?rest_route=\/wp\/v2\/pages\/4639\/revisions"}],"predecessor-version":[{"id":9355,"href":"https:\/\/tritonsclub.fr\/index.php?rest_route=\/wp\/v2\/pages\/4639\/revisions\/9355"}],"wp:attachment":[{"href":"https:\/\/tritonsclub.fr\/index.php?rest_route=%2Fwp%2Fv2%2Fmedia&parent=4639"}],"curies":[{"name":"wp","href":"https:\/\/api.w.org\/{rel}","templated":true}]}}